 2*x = -5*b + 29, -134*x = -137*x + 6. Suppose -b*y + 1761 + 1124 = -5*t, 565 = y + 2*t. List the prime factors of y.
3, 191
Suppose -124*n - 30447 = -133*n. What are the prime factors of n?
17, 199
Let s = -44 - -46. Let g be 2/(-6) - s/(-6). Suppose g*j = 5*a + 4*j - 222, 2*a = 4*j + 100. What are the prime factors of a?
2, 23
Suppose 0 = 2*n - 2, 36*t - 4*n - 22466 = 31*t. List the prime factors of t.
2, 3, 7, 107
Suppose 21*w - 7*w = -612195 + 1594939. What are the prime factors of w?
2, 7, 23, 109
Let o = -2388 - -5052. What are the prime factors of o?
2, 3, 37
Let v be 4/3 - (-3260)/30. Let j be ((-2)/(-3))/((-5)/30). Let m = j + v. List the prime factors of m.
2, 53
Suppose -i - 3*j + 581 = 0, 3*j + 2202 + 631 = 5*i. What are the prime factors of i?
569
Let g = 4523 + -927. List the prime factors of g.
2, 29, 31
Suppose 488*p - 1018*p + 500*p = -735990. What are the prime factors of p?
24533
Suppose -6280713 + 691597 = -95*z + 19*z. List the prime factors of z.
13, 5657
Let w(y) = 91*y - 117. What are the prime factors of w(11)?
2, 13, 17
Let h be (22 - 23)*143/(-1). Let a = h - -59. Let m = 13 + a. What are the prime factors of m?
5, 43
Let j = 89 + -90. List the prime factors of (j + 2)*2*190/1.
2, 5, 19
Suppose -c - 3*u + 7 = 0, 0*c - 3*u = 5*c + 1. What are the prime factors of ((-80)/30)/(c/138)?
2, 23
Suppose 1736 = -0*r - r. List the prime factors of (r/10)/(4/(-10)) + -5.
3, 11, 13
List the prime factors of 2*(15/(-6))/(11/(-6314)).
2, 5, 7, 41
Let b(d) be the second derivative of -5*d**3/6 - 7*d**2/2 + 43*d. Let k be b(13). Let u = -20 - k. What are the prime factors of u?
2, 13
Suppose 2*k - 5*r = -89, -4*k + r - 49 = -3*k. Let b = 56 + k. Suppose b*s - v - 384 = v, 3*v = 0. List the prime factors of s.
2, 3
Let d = -1391 - -2720. Suppose -8211 = -12*x + d. What are the prime factors of x?
3, 5, 53
Let o be 0 + (5 - 66/6). What are the prime factors of (40/o)/(-4)*267?
5, 89
Suppose -68 = -4*a + 40. Suppose -7*c + 195 = a. List the prime factors of c/16 + 385/2.
2, 97
Let o(b) = -7*b**3 + 17*b**2 + 23*b + 11. Let z(j) = -3*j**3 + 8*j**2 + 11*j + 5. Let f(v) = -4*o(v) + 9*z(v). List the prime factors of f(6).
13, 31
Let s(u) = -u - 4. Let c be s(-4). Suppose o + 3*t - 222 = 0, c*t = -3*o - 2*t + 652. Suppose 8*g - o = -0*g. What are the prime factors of g?
3
Let o be 4/(-18)*(24 - 33). Suppose -o*q + 203 = -1331. List the prime factors of q.
13, 59
Suppose -4*u = 5*y - 286988, 18*y + 2*u - 114798 = 16*y. List the prime factors of y.
2, 17, 211
Let m = -134 + 137. Let y(h) = 2*h**3 + 3*h**2 - 6*h - 6. Let a be y(m). Let g = -4 + a. List the prime factors of g.
53
Suppose -4*b + 0*b + 1028 = 0. Let y = b + 131. Suppose -y = -9*k + 5*k. List the prime factors of k.
97
Let a be -18 + 22 + (-2)/2. Suppose 4*z - 71 = -5*x, a*z - 5*x = -z + 81. What are the prime factors of z?
19
Let z be 112/(-6)*(-72)/6. Suppose 229 = 5*o - 4*p - z, 5*o = p + 447. Suppose n + 12 = o. List the prime factors of n.
7, 11
Suppose 0 = -7*o - 1012 - 626. Let c = 84 - 72. List the prime factors of (o/15)/(c/(-40)).
2, 13
Let o be -2*(-3)/3*38/4. Let r(y) = -y**3 + 22*y**2 - 26*y + 15. What are the prime factors of r(o)?
2, 151
Let l = 42 - 40. Suppose l + 0 = -2*q, -2*w = 3*q - 13. Suppose -w = -i + 38. What are the prime factors of i?
2, 23
Suppose -v + 6*v = 20. Let y be 306 + (-6)/v*2. Suppose -y = -3*s + 3*c, -3*c - 9 = -0*c. List the prime factors of s.
2, 7
Let d = -275 + 111. Let s = 286 + d. List the prime factors of 1*s + (-24)/18*3.
2, 59
Let c = 35 - 15. Suppose -22*b = -c*b - 268. List the prime factors of (-2 - -3)/(2/b).
67
Suppose -46*y + 47*y = 34. List the prime factors of 31 - y - 768/(-2).
3, 127
List the prime factors of 1295 - 1*(-9 + 11).
3, 431
Suppose 175756 + 63056 = 10*a - 322268. List the prime factors of a.
2, 13, 83
Let q(x) be the third derivative of -1/120*x**6 + 0 - 34*x**2 - 1/6*x**4 + 3/20*x**5 + 0*x - 7/3*x**3. List the prime factors of q(6).
2, 5, 7
Suppose -12 = -3*g - 6. Let c(s) = -3*s**3 + s**2 - 2*s - g*s**3 + 4*s**3 - 2. List the prime factors of c(-3).
2, 5
Suppose -3*c = x - 207, 0*x = 2*x + 5*c - 416. List the prime factors of (x/12)/(4/64).
2, 71
Let m = -47 + 23. Let y = m - -3. List the prime factors of (-973)/y - (0 - 4/6).
47
Suppose -453647 - 188173 = -114*h. List the prime factors of h.
2, 5, 563
Suppose 0 = 6*h - 3903 - 36501. What are the prime factors of h?
2, 7, 13, 37
Let l(h) = 7*h**2 - 55*h - 34. Let d(x) = -x**3 - 9*x**2 + 20*x - 5. Let t be d(-11). List the prime factors of l(t).
2, 17, 31
Let y(i) = -i**2 - 62*i + 1600. Let j = 738 + -738. List the prime factors of y(j).
2, 5
What are the prime factors of ((-92)/(-3) + 0)*(-358 + 448)?
2, 3, 5, 23
Suppose -39*b + 25*b + 56 = 0. List the prime factors of b*9/12 + 3.
2, 3
What are the prime factors of (11152 - 0) + -265 + 263?
2, 5, 223
Let y = -7602 + 12668. List the prime factors of y.
2, 17, 149
Suppose 5*k - 2*w - 45502 = 0, -2*k - w + 11666 + 6524 = 0. What are the prime factors of k?
2, 4549
Suppose 39*d - 60 = 42*d. Let n be d/(-24) + 2/12 + 2. Suppose -n*u - 9 = 0, 4*y + 6*u - 592 = 2*u. What are the prime factors of y?
151
Let g = 25572 - 13832. List the prime factors of g.
2, 5, 587
Let q be (0 - -51) + (-1)/(-3 + 4). Suppose -12*b + 17*b = q. Suppose c - 73 = -b. List the prime factors of c.
3, 7
Let j = -26 - -24. Let g be (17 + -27)/(j/(-9)). Let q = 33 - g. List the prime factors of q.
2, 3, 13
Let f = -2723 - -6443. What are the prime factors of f?
2, 3, 5, 31
Suppose 6 = 6*q - 3*q. Suppose -40 = -2*c + 5*s, 10 = -3*s - q*s. Suppose -487 = -5*t - 5*o - 7, 0 = -5*o + c. List the prime factors of t.
3, 31
Let u = 8324 - 1021. What are the prime factors of u?
67, 109
List the prime factors of (-4)/50 - (2487*(-92)/50 - -7).
3, 1523
Let b(w) = 65*w**2 + 63*w - 15. List the prime factors of b(-8).
11, 331
Suppose 42 = -3*d - d - 5*v, -5*v = -d + 2. Let q be (-3 - d)*(48/(-5))/(-2). Suppose b + q = 5*b. What are the prime factors of b?
2, 3
Let b be 3/15 + (-5013)/15. Let v = -247 - b. What are the prime factors of v?
3, 29
Let z be ((-126)/7)/((-3)/(-2)). Let r be (-52)/z - (-2)/(-6). Suppose -r*u + 246 - 22 = 0. What are the prime factors of u?
2, 7
Let b = 317 + -312. What are the prime factors of 9746/55 - 1/b?
3, 59
Let g(n) = -7*n**2 - 75*n + 47. Let y(u) = -3*u**2 - 38*u + 23. Let i(o) = 4*g(o) - 9*y(o). List the prime factors of i(18).
7, 59
Suppose -7 = 4*i + 21. Let v(s) = 4*s**2 + 7. Let o be v(i). Let z = o + -133. What are the prime factors of z?
2, 5, 7
Suppose 5*c - 6336 = -13*c. Let w = -73 + c. What are the prime factors of w?
3, 31
Let v(y) = -7920*y**3 + 5*y**2 + y - 4. Let m be v(-1). Suppose -m = 13*q - 49*q. List the prime factors of q.
2, 5, 11
Suppose 11 = r + 2*r - 2*w, 4*w + 19 = 5*r. Suppose r*y + 0*y = 4*a, 0 = 3*a + y. Suppose a = -14*p + 15*p - 28. What are the prime factors of p?
2, 7
Let q(s) = -13 + 106 + 43*s + 254*s + 6. List the prime factors of q(3).
2, 3, 5, 11
Suppose -28*t = 49*t + 35*t + 4592. Let o be -1*(126 + (-1 - -2)). Let y = t - o. What are the prime factors of y?
2, 43
Let a = 349 + 19. What are the prime factors of a?
2, 23
Suppose -3646 = 13*p + 514. Let r = -236 - p. What are the prime factors of r?
2, 3, 7
Let h be (13 + -11)/(2/(-3)). Let b(x) = -90*x - 10. List the prime factors of b(h).
2, 5, 13
Suppose 0 = -19*c + 23*c - 8. Let i be 2/4*(c - -118). Suppose i = 2*n - 42. List the prime factors of n.
3, 17
Let k(o) = -20 + 15*o**2 + 31*o**2 + 7*o - 6*o**2 + o**2 - 37. What are the prime factors of k(7)?
3, 23, 29
Suppose -2*k + 10 = 3*k. Suppose 0 = 5*w + k*g - g - 577, -2*g + 574 = 5*w. Suppose -5*v + 309 = -w. What are the prime factors of v?
5, 17
Let p = 150 - -516. Suppose 103*k - 105*k = -p. List the prime factors of k.
3, 37
Let t(u) = -u**2 + 23*u + 10. Let q(f) = 4*f**2 - 8*f - 11. Let i be q(-2). Let r be t(i). What are the prime factors of (r + (-30)/(-5))/(2/7)?
7, 29
Let v be (-18)/24 + 218/(-8). List the prime factors of 278/8 + (-7)/v.
5, 7
Suppose 35 = 19*i - 12*i. Suppose 2*k - 7*k - 5*q = -1300, 1043 = 4*k + i*q. What are the prime factors of k?
257
Let p be (6/(-15))/(3/(-450)). Let z = -50 + p. Suppose 0 = -5*w - o + 245, 2*o - z = -w + 39. What are the prime 